*t + 32 = 0. Calculate the greatest common factor of t and 36.
4
Let s = -275 - -483. Let z = s - 88. Suppose 2*v - 4*n - 49 = -5, -4*n - 20 = -v. What is the highest common divisor of z and v?
24
Suppose -4*q - 34 = -122. Suppose -13 + 5 = -4*n. Suppose -n*v = -48 - 18. What is the greatest common factor of q and v?
11
Suppose -p - p = -2*s + 82, 4*s - 3*p - 165 = 0. Let b = 15 + -9. Calculate the greatest common divisor of b and s.
6
Let x(c) = c + 4. Let u be x(8). What is the highest common divisor of 6 and u?
6
Let g be (-2)/(-6) + 340/6. Let o = 28 - 9. Calculate the highest common factor of g and o.
19
Let r be -2 + 3 + 1 + 8. Calculate the greatest common factor of 110 and r.
10
Let s(h) = -h**2 - 4*h + 5. Let l be s(-5). Suppose l = -2*d + 5*d - 687. Let a = 382 - d. What is the greatest common divisor of a and 17?
17
Let i(b) = -19*b - 2. Let p be i(-2). Suppose 4*y = y + p. Calculate the greatest common divisor of 4 and y.
4
Let a be (2/(-3))/((-3)/9). What is the greatest common divisor of a and 4?
2
Let j be 5 - -3 - (-1 - 0). What is the highest common divisor of j and 99?
9
Let j be (1 + -2 - -3)*3. Let o(r) = -r**2 - 26*r - 27. Let v be o(-23). What is the highest common factor of j and v?
6
Let r(q) = -q + 17. Let l be r(7). Let k be (-4)/10 + 4/l. Suppose -240 = -k*w - 4*w. What is the highest common divisor of w and 10?
10
Suppose 19 = 3*t + 7. Suppose -t*k = k + 210. Let n = -21 - k. What is the highest common factor of 21 and n?
21
Suppose -17 + 269 = 14*b. What is the greatest common factor of b and 54?
18
Let a be (4/16)/(3/(-8))*-36. Calculate the greatest common factor of a and 144.
24
Suppose -5*u + 56 = -9. Calculate the highest common divisor of 143 and u.
13
Let t(r) = 61*r - 1. Let g be t(1). What is the highest common factor of g and 30?
30
Let m = -9 + 3. Let v = m - -10. Calculate the greatest common divisor of v and 6.
2
Let l be 11*6 + (-9 - -8). Let u(t) = -8*t + 2. Let k be u(-3). What is the greatest common divisor of k and l?
13
Suppose -2*n + 4 = -p + 3*p, 8 = 4*p - n. Suppose 3*k = -j, -5*j = 4*k - p*k. Let s = 5 + j. Calculate the greatest common divisor of s and 10.
5
Let l be (-30)/40 + 523/4. Let q be 196/1 + (-1 - -1). Let f = q - l. What is the highest common factor of f and 44?
22
Let i be (-2)/(1/(27/(-2))). Suppose -5*z - 6*z + 33 = 0. What is the highest common divisor of i and z?
3
Let n(i) = i**2 + 3*i + 4. Let p be n(-3). Suppose j - p*j + 162 = 0. Calculate the highest common factor of 81 and j.
27
Let w(m) = 9*m + 2. Let t be w(-2). Let h be t*(-2)/4*1. Calculate the highest common factor of 40 and h.
8
Suppose 18 = -4*q + 46. Let g(h) = -78*h**3 - 2*h**2 - h. Let w be g(-1). Calculate the highest common divisor of q and w.
7
Suppose 8*r = 3*r + 250. Suppose -2*l - 3*l = -r. What is the greatest common factor of l and 50?
10
Suppose 0*s - 5*s + 140 = 0. What is the highest common factor of s and 252?
28
Let s(v) = -v**3 + 3*v**2 - 2*v + 8. Let w be s(6). Let n be w/(-1) - (3 + -1). Calculate the greatest common factor of n and 10.
10
Let w(h) = h**2 + 3*h + 2. Let k be w(0). What is the highest common divisor of k and 2?
2
Let h be (-2)/(-3)*72/2. Let j(g) = -g + 2. Let w be j(-6). Calculate the highest common factor of w and h.
8
Let v = -102 + 177. Let k be ((-30)/4)/(3 - 52/16). What is the highest common divisor of v and k?
15
Let v(f) = -f**2 - 6*f + 5. Let t be v(-5). Calculate the highest common divisor of 70 and t.
10
Suppose 0 = 7*v - 2*v - 95. Calculate the greatest common divisor of v and 19.
19
Suppose 0*s - 3*s + 12 = 0. Suppose -3*b = -s*p - 8, 8 = -5*p + 4*b - 3. Calculate the greatest common factor of 11 and p.
1
Let i be 28/6*(-1 - (-305)/35). Calculate the greatest common divisor of i and 60.
12
Let b = -8 - -13. Let r(p) = 31*p + 5. Let s be r(b). Suppose -s = 7*g - 11*g. What is the highest common factor of 4 and g?
4
Suppose 0 = -4*f + 275 + 13. Suppose 3*g + 24 - f = 0. What is the highest common factor of g and 8?
8
Suppose 0 = 4*o - 3*m + 107 - 407, -m = -o + 76. What is the highest common divisor of o and 48?
24
Let g(j) = -17*j - 3. Let d be g(-3). Suppose -21 = 5*s - 101. What is the greatest common factor of d and s?
16
Let k = -165 - -171. Let f(p) = -p**3 + 7*p**2 - 7*p + 8. Let n be f(6). What is the greatest common divisor of n and k?
2
Let m be -4 + 3 + 1*-13. Let d = -5 - m. Suppose 4*u - u = d. What is the highest common divisor of u and 2?
1
Suppose 0 = 4*y + 30 - 94. Calculate the highest common divisor of y and 56.
8
Let f = 118 + -46. Calculate the greatest common divisor of 108 and f.
36
Let k be 8*(-3 + -3 + 10). Suppose -p + k = 3*p. What is the highest common factor of 32 and p?
8
Let w(o) = -o**2 + 13*o - 7. Let u be w(12). Calculate the greatest common factor of u and 1.
1
Let t = -2 - -3. Let k = t + -4. Let i = 15 + k. What is the greatest common factor of i and 6?
6
Suppose 3*f + f = 72. Let x be (-184)/(-18) - 4/f. Let m(p) = p**3 - 5*p**2 - 2*p + 6. Let h be m(6). What is the highest common divisor of h and x?
10
Suppose 0 = 3*t - 0*t - 15. Calculate the greatest common divisor of 35 and t.
5
Suppose 0 = -5*f + 3*m + 28, -3*m = f + 3*f - 44. Let h be 42/f - 18/(-24). Suppose 0 = -h*p + 3*p + 228. Calculate the highest common divisor of p and 19.
19
Suppose -2*k = 4*o, -3*o + 3*k - 14 = -2*o. Let s be (-1 - (-9)/o)*-2. Calculate the highest common divisor of s and 99.
11
Let m(c) = -c**3 + 25*c**2 + 57*c + 45. Let f be m(27). What is the greatest common factor of f and 18?
18
Let v be (-2)/(-7) - (-45)/(-35). Let h be 30/3*(0 - v). Calculate the greatest common factor of 90 and h.
10
Let y(v) = 3*v - 1. Let m be y(3). Let i = -12 + 20. Calculate the greatest common divisor of i and m.
8
Let m(h) = 5*h - 5. Let b be m(9). Suppose t = 4*t - 48. What is the highest common factor of b and t?
8
Let r = 244 + -214. Calculate the highest common divisor of r and 12.
6
Let n be 0/(9/(-3)) + -40. Let k = n - -62. Calculate the highest common divisor of 110 and k.
22
Let k be 5/(5/(-2)) + (-56)/(-4). Calculate the highest common divisor of 144 and k.
12
Let z = 31 + -20. What is the greatest common divisor of z and 88?
11
Let l be (-7 + 6)/((-4 + 2)/28). Calculate the highest common divisor of 112 and l.
14
Suppose l - 22 = -5*b + 3*b, 0 = -2*b + 4*l + 2. Let g = 27 - b. Let w(u) = u**3 + u**2 + 72. Let v be w(0). What is the greatest common factor of g and v?
18
Suppose 8 - 928 = -5*a. What is the greatest common factor of a and 23?
23
Suppose 4*b = -4*z + z + 56, -z = 2*b - 22. Calculate the highest common factor of 6 and z.
6
Let i(k) = 14*k. Let t be i(1). Suppose 3 = -l, 5*m = -4*l + 2*l + t. What is the highest common factor of m and 4?
4
Suppose 4*l = -20, 4*z - 37 = 4*l - 9. Let s be -1 + 1 - -1*14. Calculate the greatest common factor of s and z.
2
Suppose -5*h = 5, 3*m + 3*h = 5*h + 32. Suppose 0 = -2*u - 0 + 4. Suppose -n = -u*n + 10. Calculate the highest common factor of m and n.
10
Suppose -2*x + 20 = 2*x. Let k(r) = r**2 - 3*r - 4. Let t be k(x). Suppose 0 = 5*h - 10, -j = 4*j + h - 242. Calculate the greatest common divisor of j and t.
6
Let g(k) = k**2 - 3*k + 5. Let n be g(3). What is the greatest common divisor of 55 and n?
5
Let n be 49/5 - (-8)/40. What is the highest common factor of 5 and n?
5
Let g = -154 - -249. Suppose -g = -6*d - 17. Suppose -4 = 4*c, 2*l - 134 = 2*c - 2. What is the highest common divisor of d and l?
13
Let a(q) = -q**3 + 10*q**2 + q - 5. Let h be a(10). What is the greatest common factor of h and 45?
5
Let j(o) = o**3 + 8*o**2. Let g be j(-6). What is the highest common divisor of 9 and g?
9
Let c(d) = -11*d + 2. Let z be c(-3). Let h = 13 - -1. Calculate the greatest common factor of z and h.
7
Let l(i) = 3*i + 24. Let a be l(-3). Suppose m = -4, 2*s + 29 - 165 = 4*m. Calculate the highest common factor of s and a.
15
Suppose 2*o - 7 = -25. Let c = o - -16. Calculate the greatest common factor of c and 77.
7
Let p be 4 + (0/(-2))/1. Let b = 9 - p. Suppose b*k + 0*k = -4*u + 31, 5*u = -2*k + 60. What is the highest common divisor of 126 and u?
14
Let a(z) = z**3 + 4*z**2 - 6*z - 2. Let f be a(-5). Suppose -4*s + 2*r + 400 = -f*r, -5*r + 20 = 0. What is the highest common divisor of 21 and s?
21
Suppos